e hundreds digit of b?
5
Let q(l) = -l**2 + 11*l + 27. Let y be q(13). What is the units digit of (y*(-26)/5)/((-2)/40)?
4
Suppose -38*m + 36387 = m. What is the hundreds digit of m?
9
Let p = -1 + 4. Let r be (5 + 1)*2/p. Suppose r*m = m + 48. What is the units digit of m?
6
Suppose t = 3*u + 9, 0 = 3*t - 5*u - 8 - 3. Let m be (-9 + (-9)/t)/(-2). Let s(h) = 7*h. What is the units digit of s(m)?
1
Suppose 46*z = 50*z - 192. What is the tens digit of z?
4
Let d(v) = v**2 + 8*v - 5. Let c be d(-9). Suppose 2*y + c + 14 = 0. Let r(k) = k**2 + 5*k + 12. What is the tens digit of r(y)?
4
Let l = 4 - 1. Let y = 0 + l. Suppose -y*z + 55 = 10. What is the units digit of z?
5
Suppose 2*u + u - 12 = -3*f, 5*u = 4*f + 11. Suppose -w - f = 2. What is the units digit of ((-50)/w)/((-4)/(-6))?
5
Let h(s) = -s**2 - 6*s - 4. Let b be h(-4). Suppose -k = b*k + 130. Let l = k - -36. What is the tens digit of l?
1
Let h(g) be the second derivative of 41*g**3/6 - 11*g**2 + 10*g. What is the hundreds digit of h(4)?
1
Let t = -125 + -82. Let f = -124 - t. What is the tens digit of f?
8
Suppose -2*q = -f + 119, 23 + 34 = -q + 3*f. Let a be (1 + 1)/((-24)/q). Suppose -44 = -o + 3*w - 3, 0 = -a*o - w + 285. What is the tens digit of o?
5
Suppose -2*b + 376 = i, -4*i - 3*b + 1077 = -447. What is the hundreds digit of i?
3
Let t = 1 + -4. Let i = 6 + t. Suppose p + 49 = 5*j, -2*j = i*j + 3*p - 53. What is the units digit of j?
0
Let y(g) = g + 17. Let r(i) = i - 9. Let d be r(-4). Let x be y(d). Suppose 0 = 5*p - 24 + x. What is the units digit of p?
4
Let w(b) = -b**3 - 3*b**2 + 3*b + 2. Let f be w(-4). Suppose -3*q + f*q = 6. Suppose -c + 53 = 5*z, c - z - q*z - 29 = 0. What is the units digit of c?
8
Let l = 18 + -16. Suppose -4*w = -l*w. Suppose 2*x - 2*y = 44, w = 2*x - x + 2*y - 7. What is the tens digit of x?
1
Suppose 10*l - 18 = l. Suppose -l*g - 4*g + 96 = 0. What is the units digit of g?
6
Suppose 4*k + 14 = -206. Let h = 84 + k. What is the units digit of h?
9
Let b(w) = -3*w + 26 - 7*w + 11*w. What is the units digit of b(-7)?
9
Let a = 27 + -2. Suppose -11*v - 19 = 8*v. What is the tens digit of 3 + a + 3 - v?
3
Suppose -10*c + 3085 = 2*m - 5*c, -5*m - 5*c + 7705 = 0. What is the thousands digit of m?
1
Let q = 7711 + -4369. What is the hundreds digit of q?
3
Suppose -v - 228 = -5*v. Let k = -32 + v. What is the tens digit of k?
2
Let q = -45 + 49. Suppose -x = -0*x - q*b - 71, -5*b = -2*x + 130. What is the units digit of x?
5
Let g(k) = 388*k + 130. What is the units digit of g(7)?
6
Let t be (0 - (29 + 1))*4. Let n = 217 + t. Let j = n + -56. What is the tens digit of j?
4
Let f = -11534 + 16523. What is the tens digit of f?
8
Let g(d) = d**2 + 5*d - 31. Let i be g(4). Suppose -5*m - i = -105. What is the tens digit of m?
2
Suppose 21 = 2*w - 3. What is the hundreds digit of (0 + -2)/(w/(-1038))?
1
Let v be 2/(-9) - (-43)/(-9). Let p = -4 - v. Suppose -5*g - p = -96. What is the tens digit of g?
1
Suppose -11*m + 1902 = -5952. What is the units digit of m?
4
Let o = -48 - -182. What is the units digit of o?
4
Suppose 3*h + 28 = -4*o + 41, -7 = -2*o - h. Let t(p) = 3*p + p + 9 + p. What is the units digit of t(o)?
9
Let x(h) = -11*h**3 - h**2 - 1 + 5 - 3. Let s be x(-1). What is the tens digit of 10/(-3)*(-1 - s)?
4
Let j(i) = i**3 - 5*i**2 + 4. Let g be j(5). Let b(t) = -6*t**2 + 9*t. Let u be b(g). What is the tens digit of (-2)/8 - 1995/u?
3
Let g(n) = n**2 + n - 2. Let x be g(-3). Suppose -5*q + 416 = 3*r + 11, x*r - 575 = 5*q. What is the tens digit of r?
4
What is the units digit of (6/(-4))/(306/(-831912))?
8
Suppose -4*v - 5*m + 85 = 0, -5*m + 3 = -2. Suppose t = -4*t + v. Suppose -5*w = -5*c - w + 48, 2*c - t*w - 24 = 0. What is the units digit of c?
8
Let p(j) = -68*j**3 - j**2 - j + 1. What is the units digit of p(-2)?
3
Let x = 167 + -167. Let v(t) = -t + 6. Let k be v(0). Suppose 4*n = 4*r + 88, 4*r - k - 2 = x. What is the units digit of n?
4
Suppose -d - 2 = -2*d. Suppose 2*r = -i - r + 44, 3*i - d*r - 110 = 0. Let q = i - 22. What is the units digit of q?
6
Let r be (-30)/(-20) - (-2)/(-4). What is the units digit of r*(-3 + 46 - 1)?
2
Suppose 5*c = -237 - 443. Let k be 1 + 3 - (-1 + c). Suppose -2*z - k = -5*z. What is the tens digit of z?
4
Let g = 3235 + -4690. What is the units digit of (-6)/(-36) - g/18?
1
Suppose 0 = -5*q - 4*d - 266, -2*q + 2*d - 60 = 50. Let o = q - -161. What is the hundreds digit of o?
1
What is the tens digit of -2 + -3 + 11 + 129?
3
Let l(j) = 5*j**2 - j - 1. Let t be l(-1). Suppose -10*p + 50 = -t*p. What is the tens digit of p?
1
Let q(r) = r**2 - 4*r - 6. Let p be q(-10). Let f = p - 231. Let a = -62 - f. What is the units digit of a?
5
Let v be 10/(-6) - 10/(-15). What is the units digit of (-3 - v) + 13 + 42?
3
Let b be (3/(-3)*(0 - 3))/1. Suppose 2 = -2*w + 12, 0 = -2*p + b*w + 377. What is the units digit of p?
6
Let p be (-6)/14 + (-325)/(-7). Suppose -c = -0*c - 4, p = 5*l - c. What is the units digit of l?
0
Suppose -5*k + 2*m = -1549, -5*m = -5*k + 1800 - 245. Suppose -3*x + 224 - 545 = -5*c, -3*x + k = 5*c. What is the tens digit of c?
6
Suppose 3*q + 12 = 2*s, 5*q = -6*s + s - 20. Let h = -3 - -11. Suppose s = -2*d - 4*p + 76, -5*d = -5*p + h*p - 162. What is the units digit of d?
0
Let b(d) = d**3 - 5*d**2 - 7*d + 2. Let m be b(6). Let f be (-24)/(-10) + (-4)/10. What is the units digit of f/m*6/(-3)?
1
Let u be (1 - 0)/((-4)/(-56)). Let p be 62/u - 3/7. Suppose 2*z - 10 = -p*i, -4*z - i + 4 + 2 = 0. What is the units digit of z?
1
Suppose -11*p = -1357 - 1151. What is the units digit of p?
8
Suppose 46*x = 44917 - 5633. What is the hundreds digit of x?
8
Let p(a) = -a**2 + a + 55. Let t(q) = q**3 + 4*q**2 - 5*q. Suppose 0 = -3*k - 4*l - 9 - 10, -4*l - 4 = 0. Let i be t(k). What is the units digit of p(i)?
5
Let o be (2 + 1)/(12/8). Suppose -o*r = -2*v - 3*v - 9, r = -2*v - 9. What is the units digit of -4 - (0 + r) - -3?
2
Let g(l) = l**3 - 9*l**2 - 15*l + 3. Let p be g(10). Let i = p + 69. What is the units digit of i?
2
Suppose 6 = -w + 2*m, 3*w + 2*m = 6*w + 18. Let f = w + 4. What is the tens digit of -3 - (3 - (f - -19))?
1
Let z(m) = 22*m**2 + 4 + 4*m - m**3 + 4*m - 20*m**2 + 3. Let n be z(-5). Suppose 3*a - n = -4*s, s = -2*a - s + 92. What is the tens digit of a?
4
Let s(g) = 5*g**2 + 8*g + 9. Let p(h) = h**3 + 2*h**2 - h - 1. Let j be p(-3). What is the hundreds digit of s(j)?
1
Let u(o) = -o**3 - 7*o**2 - 2*o + 1. Let g(h) = 3*h - 10. Let b be g(4). Suppose t + 17 = -5*i, b*t + 2 = 3*i - 6. What is the units digit of u(t)?
5
Suppose 0 = -4*d - 2*a, 2 = a + 6. Suppose 5*k - d*k = 0. Suppose 2*z - 20 = -k*z. What is the units digit of z?
0
Let b = -30 + 33. Suppose -97 = -b*c + 668. Suppose 3*w - 134 = -5*r, -5*w - 3*r + c = -r. What is the tens digit of w?
5
Let x = 16 - 48. What is the tens digit of ((-24)/7)/(x/112)?
1
Suppose 19*r = 8957 + 7611. What is the hundreds digit of r?
8
Suppose 6 = 4*u + 2*l, u + 0*u = -4*l - 2. What is the tens digit of -9*((-12)/u - 3)?
8
Suppose -28 = 2*b - 5*b + 4*w, w = -4. Suppose -f - 3*f = 5*l - 8, 2*l = 4*f - 8. Suppose 5*g - 19 = y - l*y, -b*y + 4*g = 12. What is the units digit of y?
1
Let i = 58 - -8. What is the tens digit of i?
6
Suppose 0 = -503*k + 506*k - 2961. What is the hundreds digit of k?
9
Suppose 11*u + 2814 = 13*u. What is the units digit of u?
7
Suppose 21*m - 18*m - 4296 = 3*h, -3*h + 7136 = 5*m. What is the tens digit of m?
2
Let i(m) = 54*m**2 + 7*m - 8. What is the tens digit of i(3)?
9
Suppose 4*d = -d + 1095. Let q be (-16)/(-6)*d/4. Let c = q + -102. What is the tens digit of c?
4
Let v(k) = 3*k + 18. Let h be v(-10). Suppose -10 - 34 = -2*x + 2*f, 2*x + 3*f - 39 = 0. What is the units digit of (-2 - x/h)*-20?
5
Suppose 13 = 4*s - 3. Suppose -2*r + 3*t + 332 = 0, -4*t = s*r - 5*t - 664. Suppose b = -2*a + 82, -4*a + 3*b + r - 2 = 0. What is the units digit of a?
1
Let q = 13 + -13. Suppose -3*o + 4 = -8, q = 3*d + o - 148. What is the tens digit of ((-2)/(-3))/(1/d)?
3
Let v(s) = s**3 + 24*s**2 + 22*s - 18. Let x be v(-23). Suppose y = -x*n + 213 + 19, n = -4. What is the units digit of y?
2
Let b(j) be the first derivative of -2*j - j**3 - 1/2*j**4 - 6 - j**2. What is the units digit of b(-3)?
1
Let z(l) = 19*l**3 + 9*